 be (0 - s)/(5/10). Suppose 0 = -3*m - o + 166, w*m + 5*o = -0*o + 115. Is m prime?
False
Let k(j) = j - 5. Let z be k(5). Suppose -4*h + 921 + 755 = z. Is h composite?
False
Suppose -2*q + r + 1066 + 11430 = 0, 4*r = -2*q + 12486. Is q a composite number?
False
Suppose 0 = -t - 3*d + 27242, -4*d + 6*d = -3*t + 81719. Is t prime?
True
Let p(u) = u**2 + 0*u**2 - 6 - 13 + 5. Is p(-19) prime?
True
Suppose 627 = -4*k + 23*k. Is k a composite number?
True
Let x = 2 - 6. Let a(j) = -j - 4. Let w be a(x). Suppose 2*m + w*m = 268. Is m composite?
True
Suppose -2*p + 5*g = g - 11678, -3*p + 17511 = -4*g. Is p a prime number?
False
Suppose -4*l = -3*l. Suppose l = i - 3*i + 316. Is ((-1)/((-2)/i))/1 a prime number?
True
Suppose -4*a = 5*h + 5, 0 = -2*a - 4*h + 8*h - 22. Is 68064/27 + a/(-45) a composite number?
False
Suppose -4*m = -5*m - 1. Let q be 4 + -3 + 4 + m. Suppose 74 = 5*y + q. Is y a prime number?
False
Let g(x) = x**3 - 25*x**2 - 8*x + 26. Let f be g(19). Is (f/16)/(12/(-16)) composite?
False
Suppose -199722 = 97*f - 103*f. Is f composite?
False
Let b(j) be the second derivative of 691*j**3 + 5*j**2/2 + 44*j. Is b(1) a composite number?
True
Suppose h = 5*t + 25866, 103539 = 4*h - 50*t + 45*t. Is h a prime number?
False
Let g(m) = -m**2 - 6*m + 6. Let d be g(-6). Suppose 75 = d*i - i. Is i a composite number?
True
Let t = 338 + 309. Is t a prime number?
True
Let z = 17 + -16. Suppose -m = p - 160, -z = p - 0. Is m composite?
True
Let k be -36*((-21)/6 - -4). Is (-1390)/k - (-2)/(-9) a composite number?
True
Let a(s) = -61*s - 12. Let q be a(-8). Let i = q + -169. Is i composite?
False
Suppose 0 = 3*v - 4*m - 373, m = 2*v - m - 250. Suppose -2*u = -21 - v. Is u a composite number?
True
Let h be (0 - (6 + -2))*(-11 - 811). Let w = h - 2189. Is w a prime number?
False
Suppose -106763 = -5*h - 3*n, -5*n - 46366 = -3*h + 17719. Is h a prime number?
False
Suppose r - 7 + 10 = 0. Let t = 0 - r. Suppose 0 = t*v - 0*v - 2*u - 207, 3*u = -v + 58. Is v a composite number?
False
Suppose -n + 987 = -11*g + 12*g, -n = -2*g - 993. Is n prime?
False
Suppose 0 = 5*r - 0 - 20. Is 422/4 + 2/r a prime number?
False
Let s = -335 + 948. Suppose 3*r - 5*t - s = 403, -1373 = -4*r + 3*t. Is r composite?
False
Suppose 2*o = -12*a + 10*a + 43428, 0 = -3*o + a + 65122. Is o a prime number?
False
Let g(y) be the third derivative of -113*y**4/24 - 10*y**3/3 - 7*y**2. Is g(-9) prime?
True
Let r(u) = 5*u**3 + u**2 - 17*u - 7. Let x be r(-7). Let c = -995 - x. Is c composite?
True
Suppose -6*r - 13*r - 4769 = 0. Let n = r - -380. Is n prime?
False
Let c(f) = 4*f**3 - 9*f**2 + 4*f - 1. Let j be 12/66 - 128/(-22). Is c(j) prime?
True
Suppose 0 = 5*z + 2*g - 64, -4*z + g = 4*g - 54. Let m be (-28)/(-6)*(-36)/(-21). Is m/z - (-2810)/6 composite?
True
Let s(w) = -2*w**3 + 4*w**2. Let z be s(-3). Let h = z - -233. Suppose -3*k + h = 4*r, 5*r - k = k + 421. Is r prime?
True
Let v(w) = -2 - 2*w**3 + 3 + w**2 + w**3 - 6 - 8*w. Let l be v(-5). Suppose 2*p - 110 = -z, -5*p + 72 + l = -2*z. Is p prime?
True
Suppose 7*j + 59 = -2*z + 2*j, 0 = 3*z - j + 131. Let x = 178 + -423. Let g = z - x. Is g a composite number?
True
Let p = 3353 + -1384. Is p prime?
False
Let w = 375 - -26. Is w composite?
False
Suppose -3463 = -s + 5542. Is s prime?
False
Let g be 3 + 1/3*0. Let i = -1 + g. Suppose 5*h - 252 = -3*b, 0*b = -i*b - 5*h + 173. Is b a composite number?
False
Suppose 3*j = h - 2174, -3*h + 6537 = j - 5*j. Is h prime?
False
Suppose -36830 - 31792 = -6*i. Is i prime?
True
Let r(f) = -10*f - 9. Let m(w) = -19*w - 18. Let u = 30 - 19. Let o(b) = u*r(b) - 6*m(b). Is o(11) a composite number?
False
Suppose 4*c = -2*u + 18, -4*u + u = 9. Suppose -c*h + 5*h = 9. Let d(x) = x**3 + 10*x**2 + 2. Is d(h) prime?
True
Suppose -10*d + 19*d = 224199. Is d a composite number?
True
Suppose -5*v - 69 - 163 = -2*o, -3*v = 2*o - 216. Suppose -g = -o + 32. Suppose 3*x + g = j + 1372, 3*j = -4*x + 1724. Is x a composite number?
False
Suppose 52*w - 29*w - 84709 = 0. Is w a prime number?
False
Let b be ((9/(-3) - -6) + -2)*2701. Suppose -b = -5*l + 4844. Is l prime?
False
Let t = -34854 - -59797. Is t a prime number?
True
Suppose -2*d = -4*d + 36. Let r(q) = -8 - q + 12 - 8 - 2*q + d*q**2. Is r(3) a prime number?
True
Let u = -12 + 12. Suppose 5*n - 2*v - 1279 = u, 0 = 5*n - n + v - 1031. Is n composite?
False
Let x(a) = -a**3 - 10*a**2 + a - 13. Let v be x(-11). Suppose -4*n = 5*g - 724 + v, 628 = 4*n + 4*g. Is n a prime number?
False
Let l = 3610 - 1527. Suppose -4*d + l = 431. Is d a composite number?
True
Suppose 2*u = -2*c - 3*c - 85, -c + 153 = -3*u. Is ((-3)/(18/(-1996)))/(u/(-75)) a prime number?
True
Let t(b) = 115*b - 31. Is t(26) a prime number?
False
Let z(f) = 607*f + 194. Is z(39) prime?
False
Let s(d) = 6*d + 125. Is s(23) a composite number?
False
Let y be 9 + -1167 + 2/(-2). Let a = y - -721. Let i = a - -773. Is i a composite number?
True
Suppose 24 + 11 = 5*f. Suppose -m + 4*l - f*l + 680 = 0, -5*m = -2*l - 3451. Is m prime?
False
Let g(b) = -165*b - 4. Let o(n) = -496*n - 13. Let s(m) = -8*g(m) + 3*o(m). Is s(-2) a prime number?
False
Is (-6918)/8*(-35)/((-105)/(-44)) a prime number?
False
Let k(r) = r**3 + 11*r**2 - 8*r. Let q be k(-6). Let d(x) = 13*x - 4. Let h be d(3). Let b = q + h. Is b a prime number?
True
Let k = -16254 + 5902. Let b = -5395 - k. Is b composite?
False
Suppose 6 = 2*u, a + 3*a - 30 = -2*u. Suppose a*n = 514 + 176. Is n a prime number?
False
Let m = -334 + 652. Suppose 5*s = -3*a + 6*a + 760, 4*a + m = 2*s. Is s a composite number?
False
Let b(u) = 2 + 9*u + 0*u + 0*u. Let a = -21 - -26. Is b(a) composite?
False
Suppose 2*p = 5*f + 11, -4*p + 8 = -2*p - 4*f. Let n be 1/3*(p + 2111). Suppose 5*u + n = 5*s - 587, 0 = 2*s + 3*u - 541. Is s a composite number?
False
Let g = 27 + -19. Suppose n - 191 - g = 0. Suppose -4*q + q + w = -n, w = 5*q - 333. Is q prime?
True
Is ((-2)/(-6))/(8/(5 + 222643)) a composite number?
False
Is (1/3)/((-6)/26946*-3) composite?
False
Is 155204/6 + (14/3)/(-14) a composite number?
False
Let z = 93752 + -26346. Is z a prime number?
False
Is (-2 - -1)/((-11)/34793) prime?
True
Let f(o) = 18*o**2 + 120*o - 134*o + 12 - 2*o**2 + 13*o**2. Is f(5) a composite number?
True
Suppose -9*s + 2*s + 5131 = 0. Is s a prime number?
True
Is 12 + 1340 + (4 - -1) composite?
True
Suppose -3*b = 5*v - 10253 + 1006, -3698 = -2*v - b. Is v composite?
False
Suppose 6*w = 7*w - 3263. Let k = w - 1672. Is k composite?
True
Suppose -30*v + 45*v = 831525. Is v prime?
False
Suppose -5*b + 7962 + 1783 = 0. Suppose 5*k + 3104 + 1756 = 5*y, 3*k + b = 2*y. Is y prime?
True
Let x = 241005 + -142056. Is x composite?
True
Suppose 0 = -5*w - 3*l + 105433, -5*w + 28054 + 77407 = -4*l. Is w prime?
True
Let q(y) = 40*y**3 - y**2 + 3*y - 5. Suppose 15 = 9*n - 6*n. Is q(n) a prime number?
False
Let j = -694 + 1665. Is j composite?
False
Let u = -848 - -473. Let h = 972 - u. Is h composite?
True
Let i = 19 - 15. Let v(s) = 0 + i*s + 37 - 6*s. Is v(0) a prime number?
True
Let j be (-6)/(-10) - (-1 + 85594/(-10)). Let o = j - 3810. Is o composite?
False
Let w be 1*-2 - (-8084)/4. Let m = w - 1433. Is m*4/(-32)*-4 a composite number?
False
Let x = -158 + 388. Let t = 349 - x. Is t a prime number?
False
Let m = 53 - 50. Suppose -l = -3*x + 2*x + 1386, -l = -m*x + 4156. Is x prime?
False
Suppose 4*m - 160 = -5*v + 398, -2 = -v. Suppose 5*d - m = -4*n, 3*d - 73 - 108 = -5*n. Suppose -10 + n = 4*h. Is h a prime number?
True
Let q(f) = -f**3 + 27*f**2 - 2*f - 11. Is q(-11) composite?
True
Let q(d) = 11*d + 0*d + 2*d**2 + 0*d + 6 - 29. Let y(x) = x**2 + 5*x - 11. Let n(h) = -2*q(h) + 5*y(h). Is n(8) prime?
True
Let h = -272 - 185. Let s = -109 - 547. Let q = h - s. Is q a composite number?
False
Suppose 2046 = 4*h - h. Let i = h - 250. Let w = -305 + i. Is w composite?
False
Suppose -2*t = -4*b - 30, -6*b = -2*b + 20. Let q be (-552)/15 + 4/t. Is -1 + (-2)/2*q a composite number?
True
Suppose 0 = -u - 3*i + 6, 2*i + 0 = 2. Suppose 11 = u*z + 5*o - 13, -2*o + 12 = 2*z. Suppose 0 = z*d - 3*r - 588, -4*r = -2*d + d + 211. Is d a prime number?
True
Let i = 12 - -2. Suppose -8382 = 8*t - i*t. Is t a prime number?
False
Let f = -251 + 2884. Is f a composite number?
False
Suppose -3*p - 5*x = -